 = 9*u**2 + 4*u + 15. List the prime factors of v(b).
2, 3, 7
Suppose -2*d = 2*o - 748, 0 = -4*o + 3*d - 6*d + 1501. What are the prime factors of o?
379
Let t(s) = 17*s + 4. Let q(n) = 18*n + 3. Let w(o) = -4*q(o) + 3*t(o). Let f be w(-2). Let b = -14 + f. What are the prime factors of b?
2, 7
Suppose -m = 2*b, 0 = 3*m - 2 + 14. Suppose -q + 23 = r - 6*r, -3*q + 137 = b*r. List the prime factors of q.
43
Suppose 3*x - 4*g = 193, 0*g - 2*g + 61 = x. Suppose -49 = m - x. List the prime factors of m.
2, 7
Let j(v) be the first derivative of v**4/2 + 5*v**3/3 - 2*v**2 + 2*v + 13. What are the prime factors of j(3)?
89
Suppose 15330 = 65*t - 35*t. What are the prime factors of t?
7, 73
Let a(u) = 7*u - 2. Suppose -3*g = g. Let t be (g - (-2 + 5))*-1. What are the prime factors of a(t)?
19
Suppose -102 = -3*r + 3. Let u = 6 + -3. Suppose -u*h + r + 55 = 0. List the prime factors of h.
2, 3, 5
Suppose -2*h - 24 = -4*h. Suppose 0 = -5*a + 2*a + h. Suppose -3*n + 79 = 2*n - a*i, -2*i = -5*n + 77. What are the prime factors of n?
3, 5
Suppose -12 = 5*r + 3*a + 8, -4*r + 11 = -3*a. Let p(t) = 7*t + 2. Let i(v) = -132*v - 39. Let m(h) = -6*i(h) - 117*p(h). What are the prime factors of m(r)?
3
Suppose -4*f - 4 = 0, 15 = 2*h - 3*f - 2*f. Let s(j) = -j**2 + 4*j + 7. Let m be s(h). Suppose 5*g = b - 47, 2*g = 4*b - m*b - 70. List the prime factors of b.
2
Let x(r) = 0*r - 3 + 17*r - 4 - r. Let t be x(3). What are the prime factors of 3/(12/4)*t?
41
Let j(v) = -v**3 + 23*v**2 + 2. Let g be j(23). Suppose g*c - 155 - 59 = -4*w, 2*c - 3*w = 249. List the prime factors of c.
3, 13
Suppose -5*i + 0*i + 1197 = 2*g, -2*i + 3*g = -475. List the prime factors of i.
239
Let m be 13596/42 + (-2)/(-7). Suppose m = 3*d - 0*d. Suppose -7*y + d = -3*y. What are the prime factors of y?
3
What are the prime factors of 17/17 - ((-322)/1 + 2)?
3, 107
Let n = -39 - -45. Suppose g - 4*f = -20, 5 + 5 = -3*g + 2*f. Let u = g + n. List the prime factors of u.
2, 3
Let n = 8 - 10. Let p be 45/n*(-4)/5. What are the prime factors of p/(-6) - (-1 - 7)?
5
Let m(z) = -5*z**3 - 9*z**2 + z - 6. List the prime factors of m(-4).
2, 83
Let v(k) = 2*k + 47. Suppose 57*x - 60*x = 57. List the prime factors of v(x).
3
Suppose 5*t - x - 23 = -3*x, -2*t + x = -2. Suppose -57 = t*i + 60. Let a = 61 + i. What are the prime factors of a?
2, 11
Suppose -2*t - 93*j + 413 = -94*j, 5*j + 637 = 3*t. List the prime factors of t.
2, 3, 17
Let v be (-4)/16 - (-114)/8. Let x(s) be the first derivative of s**3/3 - 6*s**2 - 3*s - 19. What are the prime factors of x(v)?
5
Suppose v = -3*v. Let w be 37 + v/(-2 + -1). Let y = 74 - w. What are the prime factors of y?
37
Suppose -2*q - 1 = 7. Let g(a) = -12*a + 9. What are the prime factors of g(q)?
3, 19
Suppose 0 = -2*x + 4 + 10. Suppose -5*t + x*t - 342 = 0. Suppose -6*h = t - 465. What are the prime factors of h?
7
Suppose -3*w = w - 5*s, -3*w + 2*s = 0. Suppose -4*h - 20 = w, -2*n - 3*h - 1540 = h. List the prime factors of (-1)/(-3) - n/24.
2
List the prime factors of ((-104)/(-24) + -3)/((-2)/(-471)).
2, 157
Let f(s) = 737*s**2 - 5*s - 2. What are the prime factors of f(-1)?
2, 5, 37
Let p be (-34)/(-289) + 138/(-17). Let n be 49/(-14)*p/14. Suppose n*y - 29 = -0*y + 5*j, 2*j = -6. What are the prime factors of y?
7
Suppose -5*j + 23 = 13. Suppose 32 = j*k + 4*r, 3*r - 4*r - 17 = -2*k. List the prime factors of k.
2, 5
Suppose 0 = -2*f - 22 + 6. Let c(i) = i + 14. Let z be c(-12). What are the prime factors of 0/3 - z - f?
2, 3
Let a = -111 + 126. Let b(p) = -3*p**3 - 2*p**2 + 2*p. Let k be b(-2). What are the prime factors of 597/k - a/20?
7
Suppose -1591 = 21*w - 8731. List the prime factors of w.
2, 5, 17
Let j = 995 + -405. What are the prime factors of j?
2, 5, 59
Suppose -17*z + 10559 + 16148 = 0. List the prime factors of z.
1571
Let r = -14 + 13. Let g be (3 - 6)/(r - 2). What are the prime factors of 1/g + -1 + 32?
2
Suppose -10*x + 720 + 1110 = 0. What are the prime factors of x?
3, 61
Suppose 3*y = -0*y + 708. Suppose 2*h - h - y = 0. List the prime factors of h/12 + 4/12.
2, 5
Let p = 105 + -21. Suppose p + 20 = a. Suppose -84 - 68 = -3*r + f, 2*f + a = 2*r. What are the prime factors of r?
2, 5
Suppose -4*r - 3*j + 22452 = 5601, -4224 = -r - 3*j. What are the prime factors of r?
3, 23, 61
Suppose 16*z - 12*z = 3816. Suppose 0 = -6*k - 90 + z. What are the prime factors of k?
2, 3
Let t be (-252)/(-1) - 57/19. Suppose -4*x + 3*a = -318 - 11, t = 3*x - 3*a. List the prime factors of x.
2, 5
Let b(r) be the second derivative of 0 + 1/10*r**5 + 1/2*r**3 + 6*r - 5/12*r**4 - r**2. List the prime factors of b(3).
2
Suppose 7*z - 9*z - 14 = 0. Let p be z*(-4 + 2 + 1). Suppose p*d + 15 = 253. List the prime factors of d.
2, 17
List the prime factors of -98*(31/(-3) + (-21)/(-63)).
2, 5, 7
Suppose 3*k + 3*g + 32 = 5*k, -66 = -5*k + 4*g. Suppose -760 = -15*w + k*w. What are the prime factors of w?
2, 19
Let j(d) = -d**3 + 18*d**2 - 23*d + 15. List the prime factors of j(14).
3, 53
Suppose 7 = -3*f + 19. Let n be 0 - (-17 + 4)*f. Suppose n = -0*b + 2*b. List the prime factors of b.
2, 13
Suppose -175 = -3*r + 131. Suppose -r - 38 = -2*q. List the prime factors of q.
2, 5, 7
Let w = -644 - -936. List the prime factors of w.
2, 73
Let b be 5/((22/(-20))/(-11)). Let s = 89 - b. What are the prime factors of s?
3, 13
Let m(a) = 7*a**2 + 2*a - 1. Let p(c) = c - 5. Let n be p(5). Let f be 9/(-3) - -4 - n. What are the prime factors of m(f)?
2
Let j = 1644 - 1013. List the prime factors of j.
631
Suppose 2*v + 4*w = 14, -2*v = v - 3*w - 12. Suppose -o = v*k - 107, -5 = -3*o + 1. List the prime factors of k.
3, 7
Suppose -1 = -5*p - 11. List the prime factors of (162/(-4) + -1)*4/p.
83
Suppose -4*x + 4 = -4. Suppose -2*h = -x + 6, -9 = -f + h. What are the prime factors of 124/f + (-2)/(-7)?
2, 3
Let u(z) = z**3 + z - 1. Let s(m) = -14*m**3 + 4*m**2 - 10*m + 8. Let g(f) = -s(f) - 3*u(f). List the prime factors of g(2).
3
Let k(n) = n + 47. Let t(m) = 5*m + 189. Let l(o) = 18*k(o) - 4*t(o). What are the prime factors of l(0)?
2, 3, 5
Suppose 6 = -5*k - v + 5*v, 4*k - v + 7 = 0. Let o(b) = b**2 - 8*b + 24. Let y be o(0). List the prime factors of k/((-32)/36)*y.
2, 3
Suppose -o + 45*o - 4576 = 0. What are the prime factors of o?
2, 13
Let h = 27 - 27. Suppose n + 4*s - 31 = h, -2*n + s + 4*s - 3 = 0. What are the prime factors of n?
11
Let o(x) = x**3 - 8*x**2 + 8*x + 4. Let c = -4 + 11. Let s be o(c). Suppose -s*j - 75 = -14*j. What are the prime factors of j?
5
Let z = 467 + 227. What are the prime factors of z?
2, 347
Suppose -2*t + 3 + 12 = q, 4*q - 5*t - 112 = 0. List the prime factors of q.
23
Let r(m) = -m**3 + 16*m**2 - 10*m + 53. List the prime factors of r(12).
509
Let a(s) = -s**2 - 100*s - 35. List the prime factors of a(-13).
2, 137
Suppose -16*j = 24*j - 2360. Suppose 4*l + g - 3*g = -36, -5*l = -g + 42. What are the prime factors of (j/(-3))/(l/24)?
59
Suppose 15 = -5*o, -6*o - 2790 = -r - 9*o. What are the prime factors of r?
3, 311
Suppose -h - 12496 = -17*h. What are the prime factors of h?
11, 71
Suppose 2*b - 9 = -b. Suppose 13 = b*j - 5*c, -2*c = -1 - 7. What are the prime factors of j?
11
Suppose 378 = p - 3*y, 10*p - 1945 = 5*p + 4*y. Let n = p - 139. What are the prime factors of n?
2, 127
Suppose 0 = 2*c - 6*c + 368. Suppose 3*i + 35 - c = 0. Suppose -27 = -4*m - i. List the prime factors of m.
2
Suppose i - 2*i = 6. Let p(c) be the third derivative of c**5/60 - c**3/3 - 61*c**2. List the prime factors of p(i).
2, 17
Let w = 22 + 399. Suppose 4*h = f + 569, 0*h = -3*h - 5*f + w. What are the prime factors of h?
2, 71
Let y(d) = d**2 - 10*d + 4. Let i be y(10). Suppose -9*s + i*s = -215. List the prime factors of s.
43
Suppose -3832 = -11*z + 4418. What are the prime factors of z?
2, 3, 5
Suppose 0 = 2*j + 2*a - 844, -6*j = -j - 5*a - 2160. List the prime factors of j.
7, 61
Let v = -1794 + 3556. List the prime factors of v.
2, 881
Suppose -3*q = 7 + 11. Let f be ((-4)/q)/(34/(-51)). What are the prime factors of -6*(f - (0 - -8))?
2, 3
Let r = -1469 + 2993. What are the prime factors of r?
2, 3, 127
Let g(l) = -l**3 - 11*l**2 + 5*l - 7. Let m be (-3 + -21)*1/2. Let z be g(m). Suppose -4*h + 39 = -z. List the prime factors of h.
29
Suppo